actors of w.
107
Suppose 11617 = 48*f - 125999. What are the prime factors of f?
47, 61
Let l = -179 + 71. Let j = 104 - l. What are the prime factors of j?
2, 53
Let h be 1/2 + 21/6. Let l = -629 + 671. Suppose 11 - l = -u - h*s, -5*s = 5*u - 230. What are the prime factors of u?
3, 17
Suppose 0 = -5*n + 2*d - 544, 435 - 10 = -4*n + 5*d. Let p = n + 196. List the prime factors of p.
2, 43
Let h(v) = -v + 1. Let c(o) = 4*o - 12. Let l(b) = c(b) + 5*h(b). Let t be l(-5). What are the prime factors of (-3 - t)/((-4)/40)?
2, 5
Let i(z) = 302*z**2 + 28*z + 6. List the prime factors of i(2).
2, 5, 127
List the prime factors of (-9 - -151)/((-20)/(-690)).
3, 23, 71
Suppose -j + 39 = -6*j - c, 3*j = -2*c - 22. Let d(z) = z**2 + 7*z - 7. Let u be d(j). Let m(x) = 7*x**2 - 2*x + 2. What are the prime factors of m(u)?
7
Suppose m + 2 = -2, 3*d + 90 = 3*m. What are the prime factors of 6/4*d/(-12)*8?
2, 17
Suppose 16*g - 9*g = 4074. List the prime factors of g.
2, 3, 97
Let a = -12 + 11. Let z be 9/(1 - a/2). Suppose 2*g + 89 = z*g - o, -6 = -2*o. List the prime factors of g.
23
Let j be 2 + (-2)/2 + 26. Let n = 376 + -377. List the prime factors of (747/j)/(n/(-3)).
83
Suppose -i - 2*p - 4 = -5*i, -3*p + 2 = -2*i. Let u = i - -1. Suppose 4*b = -2*w + 31 + 111, -3*w + 207 = u*b. List the prime factors of w.
67
Let p be 30/(-20) - 3/(-2). Let u(q) = 54 + 2*q + 0*q - q - q**2. List the prime factors of u(p).
2, 3
Let b = -1930 + 3363. What are the prime factors of b?
1433
Let h(f) = -9*f + 0 - f**2 - 4 - 1 - 5. Suppose 2*q = 21 - 33. What are the prime factors of h(q)?
2
Suppose 5*z = -3*h + 118, -2*h + 25 = 2*z - 55. Suppose 11*g = 10*g + h. What are the prime factors of g?
41
Let h(b) = 22*b + 17. Let j be h(6). Suppose 3*w = 40 + j. What are the prime factors of w?
3, 7
Suppose -s + 17 - 582 = 0. Let q = -400 - s. List the prime factors of q.
3, 5, 11
What are the prime factors of -1 - 4/(-16) - (-6874)/56?
2, 61
What are the prime factors of 8/6 + (-9549)/(-27) + -2?
353
Let h(a) = -42*a + 520. List the prime factors of h(7).
2, 113
Suppose 4*h = 5*h - 50. Let z be 170/h + (-4)/10. Suppose w - 5 = 3*s - 19, -20 = -z*s - 5*w. List the prime factors of s.
5
Suppose -5*s + 3*s = -2*w + 2, -3*w + 4*s = 0. Suppose -344 = -w*i + 2*i. Suppose -5*a - g + i = g, 3*g + 31 = a. List the prime factors of a.
2, 17
List the prime factors of 3/((-3)/(-3) + 33860/(-33920)).
2, 53
Let t(p) = 25*p**2 + 43*p + 36. List the prime factors of t(-15).
2, 3, 11, 19
Let g(u) = -2*u - 3*u - 9 + 3*u. Let k(s) = s**2 + 7*s - 3. Let i be k(-4). List the prime factors of g(i).
3, 7
Suppose -2*r = -g - 77, 6*r - 5*g + 119 = 10*r. Let z be -1 + 2 + 3*7. Let d = r - z. What are the prime factors of d?
2, 7
Let i be (6/(-5))/(6/40*-2). Suppose -10*v + i*v = -366. List the prime factors of v.
61
Let o(j) = -j**2 + 0*j**2 + 9*j + 12 + 2 + 0. List the prime factors of o(7).
2, 7
Suppose -76 - 5 = -3*q. What are the prime factors of 2/6 + 1989/q?
2, 37
What are the prime factors of (-101286)/(-42) - ((-33)/(-21) - 1)?
2411
Suppose -19*n - 6531 = -26*n. What are the prime factors of n?
3, 311
List the prime factors of 1572 - (-8 - (-9)/(-9)).
3, 17, 31
Let o = 5 + -12. Let b = 18 - o. List the prime factors of b.
5
Let z(x) be the second derivative of x**4/12 + 11*x**3/6 + 7*x**2 + 10*x. Let r be z(-10). Suppose r*g = 20, -3*g - 23 = -n + g. List the prime factors of n.
43
Let v be 7 + -2 + -3 - (-291)/3. Suppose v = 2*n - 149. List the prime factors of n.
2, 31
Let l(y) be the third derivative of 0 - 2*y**3 + 0*y + 1/120*y**6 - 11/60*y**5 + 1/4*y**4 + 14*y**2. List the prime factors of l(11).
2, 3
Let h be (3/((-15)/4))/(74/185). Let r(g) = -30*g**3 - 2*g**2 + 4*g + 4. List the prime factors of r(h).
2, 3, 19
Let z(m) = m**2 + 7*m + 26. List the prime factors of z(10).
2, 7
List the prime factors of 3 - (-1 - (-934)/((-4)/2)).
3, 157
Let q(i) = 3*i**2 - 65*i - 8. What are the prime factors of q(30)?
2, 7, 53
Suppose 2*m - 5*q + 5 = 0, 2*m + 2*q - 21 = -m. Suppose -215 = -5*b + m*l, -4*l + 149 = 3*b - 2*l. What are the prime factors of b?
47
Let m = 310 + 420. What are the prime factors of m?
2, 5, 73
Let t = 1483 + 738. What are the prime factors of t?
2221
Let m(l) = 8*l + 4. Let i be 4 + (-9)/(-45) + (-8)/(-10). What are the prime factors of m(i)?
2, 11
Suppose -12*i + 8*i - 4 = 0. Let h be i/4 + 7/28. Suppose -5*w = h, -2*v - 2*w + 28 = 10. List the prime factors of v.
3
Suppose -23 = -3*h - 5*y, -y + 0*y + 1 = -3*h. Let o(l) = 3*l**2 - 3*l**2 + 37*l**3 + 7*l - h - 5*l. What are the prime factors of o(1)?
2, 19
Suppose -117*n - 3090 = -127*n. What are the prime factors of n?
3, 103
Suppose 0*q - q = 4. Let l = -7 - q. What are the prime factors of (-34)/(l - -2) + 2?
2, 3
Let d be ((-561)/(-44))/((-3)/(-16)). Let h = d - 9. What are the prime factors of h?
59
Suppose -2*w - 3*i + 8*i + 6 = 0, -30 = -4*w + i. Suppose -2*c = 3*m - 29, -3 + w = -c. Suppose -14*g + 42 = -m*g. List the prime factors of g.
2, 3, 7
Let u(j) = j**2 + 6*j - 14. Let g be u(-8). Let f(z) = 6*z**2 + 22 - 5 + 4*z**g + z**3 - 11*z - z**2. List the prime factors of f(-10).
3
Let j be 26 - (-4)/(2 - -2). Let a be 126/j + 2/6. Suppose 2*k - 20 + 0 = -a*b, 0 = k. What are the prime factors of b?
2
Let j(l) be the first derivative of l**4/2 - 5*l**3/3 + 11*l - 19. What are the prime factors of j(5)?
2, 17
Let d be (-1)/(1 + (-20)/18). Let n = -108 - -114. Let f = d + n. What are the prime factors of f?
3, 5
List the prime factors of (2 + 1148)/(3*(-4)/(-6)).
5, 23
Suppose 0 = -5*o + 4*r - 5, -4 = 3*o - 4*r + 7. Suppose o*m - 5*m = 144. Let x = -46 - m. List the prime factors of x.
2, 13
Let l be ((-1)/1)/(-1)*-2. Let k be -4 + 12 + (l - -4). Let o = 5 + k. What are the prime factors of o?
3, 5
Let v be 0/((-3)/(-1 - -4)). Let h(g) = g**3 - g**2 - g + 21. Let z be h(v). Suppose u - 5*d - z = 0, 4*u = -4*d - d + 9. What are the prime factors of u?
2, 3
List the prime factors of 5*22131/45 + 8.
2467
Suppose 0 = -0*v + v - 22. Suppose -2*r + 4*u - 1 = 5, 2*r = 5*u - 2. List the prime factors of 118/4 - r/v.
2, 3, 5
Let r = 127 - 128. Let h(v) = -26*v**3 + 2*v**2 + v. List the prime factors of h(r).
3
Let b(s) be the third derivative of s**6/120 + 4*s**5/15 + 7*s**4/12 - 2*s**3 + 3*s**2. List the prime factors of b(-15).
3
Let m(u) = 8*u**3 - 10*u**2 - 2*u + 6. Let c(v) = -9*v**3 + 11*v**2 + v - 7. Let j(t) = 3*c(t) + 4*m(t). List the prime factors of j(4).
191
Suppose -3*z = 2*l - 3 - 5, -5*z = 3*l - 14. Let x be (-3)/6 + 1442/4. Suppose -z*o - q - x = -9*o, -2*o + 127 = 3*q. What are the prime factors of o?
71
Let t(u) = -1 - 10 - 3 - 16*u - 3. What are the prime factors of t(-8)?
3, 37
Let c(b) = 2*b**2 - b - 7. Let q be c(-7). Suppose -15 = 3*v - 0, 2*n - q = -4*v. List the prime factors of n.
59
Let k = 98 - -181. What are the prime factors of k?
3, 31
Suppose -2*p - 4*h = -12, 4*p - 5*p + 15 = -h. Let x(f) = -f**3 + 11*f**2 + 13*f - 5. List the prime factors of x(p).
7
Suppose -3*f - 5*t + 1773 = 0, 0 = -5*f + t + 2886 + 41. List the prime factors of f.
2, 293
Suppose -j + 55 = 4*a + 4*j, -62 = -5*a - 4*j. What are the prime factors of a?
2, 5
Let v be (-4 - -27) + (3 - 1). Let j = v + -15. What are the prime factors of 2/((-12)/j)*-6?
2, 5
Suppose 3540 + 5105 = 7*s. List the prime factors of s.
5, 13, 19
What are the prime factors of 3 + 3/(-21) + 7267/7?
3, 347
Suppose 7*v = 30 - 9. Suppose 16 = v*c - 32. Suppose 4*u - 32 = -4*g, 0*u + 5*g - c = -u. What are the prime factors of u?
2, 3
Let u be 25 + (1 - -3) + -2. Let s be (-2)/(-3) - (-1035)/u. Let y = -33 + s. What are the prime factors of y?
2, 3
Let t(m) = 5*m - 80. Let y be t(12). Suppose 5*z - 5*n - 20 = -3*n, 4*n = 20. List the prime factors of (-2)/(4/z) - y.
17
Let n = -40 - -28. Let r be (-17)/(-2) + n/(-24). Suppose -4*j + 5*o + r = -3*j, 0 = 3*j - o - 83. What are the prime factors of j?
29
Suppose 0 = 4*l - 15*l + 55. Suppose 0 = -l*i + 309 + 86. What are the prime factors of i?
79
List the prime factors of ((-2)/10*92)/((-6)/135).
2, 3, 23
Suppose -4*n = -6*n. Let f = n - -34. Suppose f = 4*m - 18. List the prime factors of m.
13
Let i = 979 - 414. List the prime factors of i.
5, 113
Let i(o) = 7*o**3 + 4*o**2 - 4*o. Let h(n) = -n**3 - n**2 + n - 1.